(4/124)?
1
Let t(m) = m**2 + 4*m + 4. Let i be t(-4). Suppose -i*c + 437 = -5*h, -5*c + h + 180 = -382. What is the units digit of c?
3
Let v = 110 + -106. Suppose -o + 184 = -a, 0 = 2*o + 3*a - v*a - 363. What is the units digit of o?
9
Let b(p) be the third derivative of p**5/60 - 23*p**4/24 + 25*p**3/3 - 7*p**2. What is the units digit of b(22)?
8
Let z(r) be the first derivative of -2*r**2 + r + 10. Let c be z(-3). Suppose 0 = -3*o + 8 + c. What is the units digit of o?
7
Suppose -4*b = 5*m - 9*b - 5495, 3*b + 1089 = m. What is the units digit of m?
4
Let l be (0/3 - -7)*1*15. What is the units digit of (-4)/(-22) + l/(-33) + 7?
4
Let f(n) = 15*n - 50. Let t be f(-6). Let v = -67 - t. What is the units digit of v?
3
Let k = -81 + 121. Suppose -16 = -j - 2*w, -3*j + k = -2*j - 4*w. What is the units digit of j?
4
Suppose 20 = -z - 56. Let a(g) = 8*g + 6. Let i be a(-1). What is the units digit of z/2*i/4?
9
Let p(f) = f**3 + 7*f**2 - 18*f + 16. What is the units digit of p(-8)?
6
Suppose -5*v - 270 = 140. Let o = 56 + v. What is the tens digit of o*(-4)/8*5?
6
Let a = 6697 - 3673. What is the tens digit of a?
2
Suppose 89 + 76 = 5*j. Suppose -9*o + 798 = j. What is the units digit of o?
5
Let w = 39 - -48. What is the units digit of w?
7
Suppose 13*t = 9*t + 20. Suppose -5*y + 393 = w, -w - 3*w - 403 = -t*y. What is the units digit of y?
9
Suppose 2*c - 2 = -4. Let x be 1 - (3 + 2/c). Suppose 0 = -5*n - 4*r - x*r + 27, -3*r = -n + 13. What is the units digit of n?
7
Suppose -60 = -4*k - k + 5*h, -12 = -2*k - h. Let x(b) = 2*b**3 - 23*b**2 - 15*b + 29. Let o be x(12). Let u = k + o. What is the units digit of u?
1
Let s be (-4)/(-18) - (-319)/(-99). Let i(f) = -20. Let b(g) = -g + 19. Let o(m) = s*i(m) - 4*b(m). What is the units digit of o(16)?
8
Let w(a) = -a**2 - a - 7. Let l be w(-4). Let q = -12 - l. What is the units digit of q?
7
Let n(u) = -79*u - 39. What is the units digit of n(-6)?
5
Suppose 8*s - 13*s = -3*f - 4928, f = 4*s - 3948. What is the tens digit of s?
8
Suppose 743*m = 740*m + 4899. What is the hundreds digit of m?
6
Let u(l) = 14 + 28 - 10*l + 0*l. What is the tens digit of u(0)?
4
Suppose 6 = 3*q + h + 13, -3*q - 5 = -h. Let v be -2 + q*8/(-4). What is the units digit of v/(3*8/444)?
7
Let v(z) = -48*z - 1. Let i be v(-1). Suppose -2*l + 76 = -3*a - 15, -5*a + l - 140 = 0. Let m = a + i. What is the tens digit of m?
2
Let k be -1 + -2 - 1*-1. Let n be (12/(-9) - k)*3. What is the tens digit of -2 + n - 0 - -12?
1
Let b = 5813 + -3509. What is the units digit of b?
4
Let w be (-2088)/(-11) - (-26)/143. Let o = w + -131. What is the tens digit of o?
5
Suppose 47*y - 46*y = 26. Suppose -122 = -3*s + 4*f, -5*f - y = -3*s + 2*s. What is the tens digit of s?
4
Let o be (-35)/(-1) - (5 + -2). Let k be (-40)/(-16)*3/((-30)/(-64)). Let i = k + o. What is the tens digit of i?
4
Let x be (1/1)/(2/12*1). Suppose y = 5*n + 22 - 0, 0 = 3*y + 3*n + x. What is the units digit of y?
2
Let h(b) = -b**3 - 8*b**2 - 8*b - 1. Let w be h(-7). Suppose -312 = w*q - 9*q. What is the hundreds digit of q?
1
Let v = 751 - 535. What is the hundreds digit of v?
2
Let j(u) = 5 + 11*u**2 - 1 - 3*u - 2*u - 9*u**2. What is the units digit of j(8)?
2
Let t = 16 + -76. Let d(i) = 10*i**3 + i**2 + i. Let j be d(2). Let r = j + t. What is the units digit of r?
6
Let r(y) = -289*y + 242. What is the tens digit of r(-9)?
4
Suppose 3*v - 215 = 2*v. Suppose -86 = 3*r - v. What is the tens digit of r?
4
Suppose 2070 = 10*s - 7070. What is the tens digit of s?
1
What is the hundreds digit of 3 + 4 - 0 - (-7 + -530)?
5
Suppose -18*u + 67229 + 4285 = 0. What is the thousands digit of u?
3
Suppose -2056 = -2*a - m - m, -3*a + m = -3088. What is the hundreds digit of a?
0
Let a(l) = -16*l + 2. Let h be a(-2). Let t = h + -11. What is the units digit of t?
3
Let j = 117 - 204. Let h = j - -152. What is the tens digit of h?
6
Let b(k) = k**2 + 4*k. Let u be b(-5). Suppose -2*n + 52 = -h + 5*h, 0 = 4*n - u*h - 130. What is the units digit of n?
0
Let t(r) = -13*r**2 + 2*r - 3. Let k be t(-3). Let s = 230 + k. What is the tens digit of s?
0
Let f = -1059 + 1489. Let s = -227 + f. What is the hundreds digit of s?
2
Let c = -11 + 13. Suppose r - 2*x = 5, c*x - 10 = -2*r + 4*x. Suppose -13*n + 8*n = -r. What is the units digit of n?
1
Let v(y) = -y**3 - 12*y**2 + 3. Let q be v(-12). Suppose 112 = 3*a - 17. Let c = a - q. What is the units digit of c?
0
Suppose -z + 4*z = -4*y + 17, y - 13 = z. Suppose -3*r + 3*p = r - 330, -4*p = -y. What is the units digit of r?
4
Let n be (-3)/6*0*(-1)/3. Suppose n*y + 131 = y. What is the tens digit of y?
3
What is the tens digit of (242/165*9)/((-3)/(-220))?
6
Suppose -5*v = -3*q - 1996, -5*q - 1990 = -2*q - 2*v. What is the units digit of q/(-18) + 14/63?
7
Let l(n) = -3*n**3 + 6*n**2 - 5*n + 4. Let c be l(3). Let j = 24 - c. What is the units digit of j?
2
What is the tens digit of (-502208)/(-238) + (-2)/17?
1
Let n be (-12)/8*(-20)/6. Suppose -5*m + 2*x = -10*m + 312, -3*m - n*x = -191. What is the tens digit of m?
6
Let f be 20/3 - 8/12. Suppose -f*i + i + 10 = 0. Suppose 4*k - 8 = i*k + l, -4*k + 4*l = -24. What is the units digit of k?
2
Let n = -330 - -3095. What is the tens digit of n?
6
What is the tens digit of (-14)/(-23 - -9) + (1848 - -1)?
5
Let u = 20 - 18. Suppose -3*r = -2*n + 32, 30 = n - 3*r - u*r. Suppose 0 = -2*c + 62 + n. What is the units digit of c?
6
Let l(p) = -p**3 - 8*p**2 - 9*p - 13. Let n be l(-7). Let z be (-88)/(4/((-4)/n)). Suppose -5*o - 3 = -z. What is the units digit of o?
7
Let n(h) be the second derivative of -h**5/20 - h**4/4 + 2*h**3/3 + h**2 - h. Let t = 465 - 470. What is the units digit of n(t)?
2
Suppose 0 = -2*d - 3*i, 0*i - i = -4*d - 28. What is the tens digit of (-239 - 9)*3/d?
2
Let n = 272 - 211. What is the tens digit of n?
6
Let v(t) = t + 17. Let b be v(0). Let u be (2 - (-5 - -1))*(-18)/(-4). Suppose -m + 82 = 3*l, -u = -2*l + 2*m + b. What is the tens digit of l?
2
Let m be 322/77 + 4/(-22). Suppose m*r = -7 - 13, -2*a = -3*r - 45. What is the tens digit of a?
1
Let w = -17 + 13. Let q(d) = -d**3 + d**2 - d - 5. What is the tens digit of q(w)?
7
Let c(a) = 1 + 3*a + 3 + 4 - 1 + a**2. Let m = -2 + -3. What is the units digit of c(m)?
7
Let c(i) = i**2 - 2*i + 13. Let k = -64 - -76. What is the hundreds digit of c(k)?
1
Let s(t) = t**2 + 11*t - 6. Let i be (-2)/(0 - 3/(-9)). Let y be s(i). Let u = 6 - y. What is the units digit of u?
2
Let a(z) = -9*z + 67. What is the tens digit of a(4)?
3
Suppose 0 = 2*n - n + m - 69, 231 = 4*n - 5*m. Suppose 325 = 9*s + n. What is the tens digit of s?
2
Let b = 137 - 174. Let h = b + 116. What is the units digit of h?
9
Let n(o) = 4*o**2 - 11*o + 10. Let h be n(-9). Suppose -u + 5*t + 99 = 0, 5*u + 4*t = 4 + h. What is the tens digit of u?
8
Let c = 867 - -582. Suppose c = 11*d + 261. What is the hundreds digit of d?
1
Let u be (140/21)/(-10) + 80/3. Let k(f) = f + 62. What is the tens digit of k(u)?
8
Let j(p) = p**3 + 2*p**2 - 4*p - 1. Let w be j(-3). Let f(a) = 4*a**2 - 3*a**w + 0*a**2 + 18*a + 3 - 5*a. What is the tens digit of f(-16)?
5
Let u(g) = 470*g - 47. What is the hundreds digit of u(6)?
7
Suppose 4*f = 3*u + 43, -2*f + 29 = f + u. Let j = f + 5. What is the units digit of j/5*16*1?
8
Let h = 544 + -333. What is the units digit of h?
1
What is the hundreds digit of (-1 - (-249)/(-9))/(75/(-450))?
1
Let d be (-1 - 0)*(-2 + 111). Suppose 0 = -4*m + 3*m - 75. Let q = m - d. What is the tens digit of q?
3
Let j be (572/66)/(1/(-3)). Let t = j + 41. What is the tens digit of t?
1
Let v(y) = y**3 + 5*y**2 + 11*y + 13. Let h be v(-4). What is the hundreds digit of (6/(-10))/(-3) + (-4047)/h?
2
Suppose -p + 5*k - 2 = 4*k, 3*k - 13 = -4*p. Let l be (-3)/((-15)/10)*p. What is the tens digit of (l + -3 - -5) + 26?
3
What is the units digit of (-2)/((-8)/1690) - (-1)/(-2)?
2
Let n = 99 - 26. Suppose 0 = -6*c + n + 95. What is the units digit of c?
8
Suppose 5*j = -i + 1148, -5*i + 922 = 4*j - 6*i. What is the hundreds digit of j?
2
Let b = -88 + 65. Let k = -1 - b. What is the units digit of k?
2
Let f = -996 - -1800. What is the units digit of f?
4
Let d = 131 + -91. Let n = d + 20. What is the units digit of n?
0
Suppose -3*q + 176 = -q. Let